site?
True
Let g(h) = 4*h**2 + 47*h + 7. Suppose 0 = -k + 5*j, -k + 0*j - 3*j - 32 = 0. Is g(k) a composite number?
True
Let t = 27 + -24. Suppose 11*r - 15*r + 7517 = t*a, -2*a = 4*r - 5014. Is a a composite number?
False
Let t(w) = -2217*w - 17. Let y(h) = -2*h**3 + 3*h**2 + 3*h - 4. Let m be y(2). Is t(m) composite?
True
Let d(z) = z**2 + 5*z - 3. Let l be d(-6). Suppose l*b - 5*b + 3968 = 5*s, s = -3*b + 5939. Is b a composite number?
False
Let a(j) = -564*j - 1067. Is a(-36) a composite number?
False
Let g be 3/(-6)*10 + -12529. Let x = g - -29681. Is x composite?
True
Let g be (8 + -10)*-3 - 80402. Is g/(-8) + 1/(-2) a composite number?
True
Suppose 96 + 255 = -3*j. Let p = 10814 + j. Is p prime?
False
Let h be 1*-2 + -110 + 119. Suppose -t + h*v - 8*v + 3952 = 0, 2*t - 7907 = v. Is t a composite number?
True
Let g(l) = -l**3 + 6*l**2 - 3*l + 12. Let u(m) = -m**3 + 7*m**2 - 10*m + 6. Let j be u(5). Let f be g(j). Is ((-4)/f)/((-6)/(-4041) - 0) composite?
False
Let c(j) = -j**3 - 47*j**2 + 193*j - 183. Is c(-62) composite?
True
Let a = -7955 + 8337. Is a a composite number?
True
Let s(y) = -y**3 + 21*y**2 + y - 33. Let d be s(14). Let j = d - 712. Is j composite?
False
Let y(v) = 93*v**2 - 28*v - 35. Is y(-18) composite?
True
Suppose 5*i - 2*o = 45, 3*o = -i + 8*o + 9. Is i/6 + 66465/14 composite?
True
Suppose 4*i = s + 34653, 2*i + 8*s - 13*s - 17331 = 0. Is i a composite number?
False
Let c(w) = -4*w**3 - 4*w**2 - 52*w - 431. Is c(-8) composite?
False
Suppose -13*k - 5866 + 1394 = 0. Let t = k - -2803. Is t prime?
True
Let o(l) = -85*l + 93. Let a be o(21). Is -3 + 3 + 1 - a composite?
False
Suppose 1354*s - 55854 = 1336*s. Is s prime?
False
Suppose 165 = -9*g + 66. Is 3 + g/(66/(-76536)) prime?
False
Let i be -3 - 365/(-10)*2. Let q be 4/10 - (-113582)/i. Suppose 9*s - 6*s - q = 0. Is s a composite number?
False
Suppose -5*p = -5*o - 5, -p = -3*o - 1 - 10. Let q(h) = -h**2 - 8*h - 14. Let m be q(p). Is (12 + -4095)*m/(-6) a prime number?
True
Let s(t) be the third derivative of 7*t**5/60 - 17*t**4/24 - 13*t**3/6 - 3*t**2 - 2. Is s(-9) composite?
True
Let g(j) = -4*j - 14. Let h be (-1 - -11)*(-20)/50. Let l be g(h). Suppose 5*m - 3*y - y = 737, -l*m - 2*y = -284. Is m composite?
True
Let h(f) = 1268*f**2 + f. Let r(x) = 5*x**2 + 7*x + 7. Let q(z) = -9*z**2 - 13*z - 13. Let j(w) = 4*q(w) + 7*r(w). Let v be j(-1). Is h(v) composite?
True
Suppose -165*t + 551488 + 2732759 = -169038. Is t prime?
True
Suppose 0 = -2*z - 5*x + 1624, 1657 = 2*z - 2*x + 61. Let b = -393 - -226. Let k = b + z. Is k composite?
True
Is 6/32 + 3597726/352 a composite number?
True
Let r = 17451 - 8954. Is r a prime number?
False
Let k = -163 - -154. Let z(g) = -134*g + 55. Is z(k) a composite number?
True
Is -16 + 17 - (-30931 + 4 + -1) a composite number?
True
Let l be 10/(-6) + (-13)/39. Is (-1)/l - (-3085)/2 a prime number?
True
Let n be (-1)/(20/12) - (-198972)/20. Suppose 21*x - 106065 = -n. Is x prime?
False
Suppose 57*p = 61*p - 6064. Let y = 5559 - p. Is y composite?
True
Let f(i) = 92*i - 46. Let c be f(13). Is 0 - (4 + 2 - 5 - c) prime?
False
Suppose 9*s - 30 = -s. Suppose 0 = -5*b + 5*q + 3920, -22*b - s*q = -27*b + 3926. Is b prime?
True
Let l = -22622 - -86445. Is l a composite number?
False
Let m(z) = -532*z**3 - z**2 + 2*z + 1. Let p be m(-1). Suppose 938 = -4*y + 4*d - p, 749 = -2*y - 3*d. Let a = y - -1625. Is a prime?
False
Let v(x) = x**3 - 5*x**2 - 3*x - 7. Let d be v(6). Let y(q) = 2*q**3 + q**2 + 9*q - 109. Is y(d) a prime number?
False
Let p(i) = 124*i**3 - 4*i**2 + 12*i + 34. Let o be p(-3). Let t = o - -7233. Is t a composite number?
False
Let u be (-63)/14*12/(-9). Suppose -u*s - 5*s = -5863. Is s a prime number?
False
Let h(k) = 2*k**2 - 26*k + 42. Let w be h(13). Suppose -1734 - w = -16*r. Is r composite?
True
Let g(k) = -273*k - 66. Let j be g(-18). Suppose -t - 6040 = -5*l, -j = -4*l + t + 3*t. Is l composite?
True
Suppose -j + 84785 = 2*m, -13*m + 12 = -11*m. Is j prime?
False
Let r(q) = -4*q + 32. Let l be r(7). Suppose 4*j + 24 = 4*f, -l*f + 6 + 0 = 2*j. Suppose -f*a = -5*o - 733, 4*o + 0*o - 769 = -3*a. Is a a prime number?
True
Suppose 4*j = -j + 30. Suppose 18 - j = -2*o. Let g(x) = -77*x + 5. Is g(o) a composite number?
False
Let m(v) = 56*v - 43. Let d(h) = 192*h - 173 - 110*h + 143*h. Let j(y) = 2*d(y) - 9*m(y). Is j(-11) composite?
True
Suppose 5*k = -35, -k + 376638 = -11*m + 16*m. Is m a composite number?
False
Suppose -375265 + 1743652 = 27*i. Is i a prime number?
False
Is (-45)/(-5) - (1013500*1)/(-10) composite?
False
Suppose 39*b + 4*b + 85586 - 350638 = 0. Suppose 6 = 4*n - 2. Is -4 + 6 - (b/n)/(-2) a composite number?
False
Let m(i) = -i**3 - 9*i**2 + 9*i - 5. Let z be m(-10). Suppose -16*o + 22000 = -z*o. Suppose 4*h - 2*h = -5*x + 2477, -3*h = -4*x + o. Is x a composite number?
True
Let s = 7391 - 5031. Suppose -3*d = -571 - s. Is d composite?
False
Let g(y) = y**3 - 19*y**2 - 16*y - 14. Let v be g(20). Let l(c) = 14 - 13 - v + 180*c. Is l(12) a composite number?
True
Is 667923*(7 + -6)*(-1)/(-24)*8 prime?
False
Suppose -88*i - 1013285 = -101*i. Suppose -2*d = -27*g + 29*g - 51960, -3*g - 2*d + i = 0. Is g a prime number?
False
Let m be 2/(24/(-20))*-3. Let f(d) = -4*d + 12 + 4*d + 23*d**2 + 19*d**3 - 29*d**2 + 12*d**2. Is f(m) prime?
False
Let b = -27462 - -49686. Suppose s = 22487 + b. Is s prime?
True
Is 3 + 8*(2 + -1) + 283658 a composite number?
False
Let o(n) be the third derivative of n**6/120 - n**5/30 + 11*n**4/8 + 55*n**3/6 - 117*n**2 - 2*n. Is o(23) prime?
True
Suppose -2*n - 2*d + 6429 = 3*d, -12818 = -4*n - 2*d. Let u = n + -1295. Is u prime?
True
Let l(v) = 5*v**3 - 9*v**2 + 5*v + 10. Suppose 0 = 15*s - 29*s + 98. Is l(s) a prime number?
True
Let t = 444313 - 98112. Is t a prime number?
True
Suppose 250942 = -97*q + 99*q. Is q a prime number?
True
Suppose 5*c + 23 = 4*u, 0 = 4*u - 3*c + 5*c - 30. Suppose -5*x = -u - 23. Let v(h) = 3*h**3 - 11*h**2 + 6*h - 1. Is v(x) composite?
True
Let n be -1*92*(-204)/272. Suppose 67*p + 3*j = n*p - 36383, j = -3. Is p composite?
True
Suppose -2*f + 4814 = 5*u, -u - 97*f + 101*f = -976. Suppose 5*j + u = 2*o, -2*j + 976 = 2*o - j. Is o composite?
False
Suppose 23902 = 3*b - f, -36894 = -5*b - f + 2956. Is b prime?
False
Let n = 53442 + 113467. Is n prime?
True
Let b = -32547 - -33046. Is b a prime number?
True
Let c = -87 - -88. Is c/8 + 26992/128 composite?
False
Suppose 95*k + 35 = 88*k. Is -6 + (6 - k/(10/7586)) prime?
True
Let m(k) = -k**2 + 15*k - 32. Let t be m(12). Suppose 959 + 279 = t*w - 3*r, 5*r - 943 = -3*w. Is w composite?
False
Suppose 16*r + 9*r + 200 = 0. Is ((-3 - r) + -4)/(1/2927) composite?
False
Suppose -885*l + 896*l = 1403237. Is l a prime number?
False
Suppose x = 3*m - 2*x - 21, -3*m - 2*x + 6 = 0. Suppose 7578 = 2*i + 2*b, 0 = -m*i + 5*b + 18889 - 3697. Is i prime?
True
Is 2/((-22)/(-55)) + 10543*3 prime?
False
Let q(t) = -t**2 + 5*t + 23. Let a be q(7). Let j = 118 - a. Is j composite?
False
Let q(n) = 8981*n + 460. Is q(11) composite?
False
Let r(f) = -5*f - 39. Let i be r(-7). Is (-14373)/(3/(-3)) + i a composite number?
False
Suppose -4*j - 3*b - 4 = 0, 0 = -3*j - 0*b - 4*b - 3. Let v be j/((9/(-8))/9). Suppose 0 = v*u - 4 - 20. Is u a composite number?
False
Suppose 3*s - 47622 = -5*q - s, 0 = -4*q - 5*s + 38094. Suppose 3*j + j - 3*h - 19085 = 0, -2*j + q = 4*h. Is j prime?
False
Is 1958243/14*(24/(-54))/((-4)/18) composite?
True
Suppose 31*x = -48*x + 33415 + 280452. Is x prime?
False
Let l(x) = 125*x + 3. Let w = -40 + 38. Let d be l(w). Let r = 402 + d. Is r prime?
False
Let o(n) = -n**3 + 10*n**2 - 13*n + 4. Let y be o(9). Is (0 + 22146/9)*(-48)/y a prime number?
True
Suppose -i - 2*i = -14865. Let y = i - 3514. Is y a composite number?
True
Let c(f) = -f**2 - 6*f - 1. Let p be c(-5). Let n(g) = -19*g + 22. Let l(r) = 10*r - 11. Let o(j) = 5*l(j) + 2*n(j). Is o(p) prime?
True
Suppose 1407*s - 1866*s + 234543951 = 0. Is s prime?
True
Let i(s) be the third derivative of -95*s**4/6 - 49*s**3/6 - 10*s**2. Is i(-8) a composite number?
True
Suppose 46*h + 1926012 = 178*h. Is h a prime number?
True
Let o(c) = -c + 377. Suppose -2*j + 2 = -2*t, -6*j - 2*t = -3*j - 23. Suppose -j*w + f - 6 = -1, 2*w + 20 = 4*f. Is o(w) composite?
True
S